4*v + c - 79 = n, c - 2 = -3. Calculate the remainder when 38 is divided by v.
18
Let d(q) = 4*q**3 - 2*q**2 + q. Calculate the remainder when 9 is divided by d(1).
0
Let y = 101 - 43. Let w = 13 + 7. Calculate the remainder when y is divided by w.
18
Suppose -3*x = 2*z - 130, -5*z = -0*x + 5*x - 315. What is the remainder when z is divided by 15?
14
Let t(b) = 45*b - 4. Let o(q) = 91*q - 4 - 1 - 2. Let r(i) = 4*o(i) - 7*t(i). What is the remainder when r(1) is divided by 17?
15
Let t(v) = -v + 1. Let h be t(1). Suppose -5*u + 208 + 102 = h. Calculate the remainder when u is divided by (15 + (-4)/(-4))*1.
14
Let h(q) = -q**3 - 10*q**2 - 13*q - 11. Let o(d) = -d**3 + 6*d**2 - 7*d + 5. Calculate the remainder when h(-9) is divided by o(4).
7
Suppose 0 = -4*m + 6 + 2. Suppose m*r + 220 = 7*r. What is the remainder when r is divided by 23?
21
Suppose 2*c = -2*g - 3*c + 32, -4*g - 4*c + 52 = 0. Let z = g - 5. Calculate the remainder when z is divided by 4.
2
Suppose -2*y = -4*a + 194, -5*y - 51 - 152 = -4*a. What is the remainder when a is divided by 16?
15
Let i be ((-405)/(-4))/((-6)/16). What is the remainder when 89 is divided by (4/6)/((-6)/i)?
29
Let s(l) = -l**2 - 9*l - 7. Let u be s(-8). Let h be (-2 + 10)/(u/(-20)). What is the remainder when 12/(-10)*h/6 is divided by 11?
10
Let t = -64 - -93. Suppose 0 = -j + t + 47. What is the remainder when j is divided by 26?
24
Suppose 4*j + 79 - 247 = 0. What is the remainder when j is divided by 26?
16
Let a(t) = -t**2 - 25*t - 17. Calculate the remainder when a(-23) is divided by 16.
13
Suppose 6*c - 30 = -2*t + 4*c, -3*c = -3*t + 69. Calculate the remainder when 0 + -3 + (1 - -57) is divided by t.
17
Let b be 0 - 3 - -4 - 0. Let h = 2 - -1. Let u = b + h. What is the remainder when 11 is divided by u?
3
What is the remainder when (-68)/(-11) + 10/(-55) is divided by 4?
2
Suppose 0 = -g - 14 + 29. Calculate the remainder when 39 is divided by g.
9
Let g(r) = 7 + r - 12 + 4 + 7. What is the remainder when 10 is divided by g(-2)?
2
Let k be 1 + 14/10 + (-4)/10. Suppose 4*t - 2*t = -2*o + 26, 70 = 4*o - 5*t. Let c = k + o. What is the remainder when 48 is divided by c?
14
Let g(x) = -x**3 + 4*x**2 - x - 3. Let t be g(3). Suppose -18 = -0*r - 5*r + t*b, -r + 2*b - 2 = 0. Calculate the remainder when 15 is divided by r.
3
Let z be -12*(2/(-6) + 0). Suppose 0 = -9*n + z*n + 175. Calculate the remainder when n is divided by 9.
8
Suppose 0*m - 2 = -m. Suppose -3*l + 2*l = -3*g + 7, -12 = -4*g. What is the remainder when m is divided by l?
0
Let y = -5 - -7. Suppose y*o - 32 = -5*d, o - 23 = -2*d - 5. What is the remainder when o is divided by 7?
5
Let u = 17 + -22. Let r(s) = -3*s - 12. What is the remainder when 10 is divided by r(u)?
1
Let r(d) = -d**3 + 13*d**2 + 16*d + 11. Calculate the remainder when 114 is divided by r(14).
36
Suppose -2*h - 3*x = -144, 0 = -4*h - 3*x + 4*x + 274. What is the remainder when h is divided by 25?
19
Suppose 3*t = 3, 4*t + 0 = -4*j + 24. Suppose 19 - 49 = -j*p. Let m(l) = 16*l**2 + 3*l - 2. Calculate the remainder when m(1) is divided by p.
5
Let v(d) = d**2 - 2*d - 5. Let s be v(4). Suppose s*a + 21 = 3*b, 2*a - 3*b + 17 + 1 = 0. What is the remainder when 2/a + (-380)/(-12) is divided by 11?
9
Suppose -10*x = -9*x - 29. Calculate the remainder when x is divided by 16.
13
Suppose 8*s - 56 = 56. What is the remainder when s is divided by 5?
4
Let t = -3 - -7. Suppose -4*w + 3*g + 1 = 0, -5*w - g - t*g = -45. What is the remainder when 10 is divided by w?
2
Let i = -10 + 22. Calculate the remainder when 35 is divided by i.
11
Let u be -27 - (-1 + 2 + -2). Let f = u - -68. Let l = f + -11. What is the remainder when l is divided by 11?
9
Let v be 1/(-2) - (-15)/6. Suppose 236 - 74 = v*l. Calculate the remainder when (-2)/4 - l/(-2) is divided by 21.
19
Calculate the remainder when (-2)/(3*(-8)/876) is divided by 38.
35
Let t(o) = -o**3 + 2*o**2 + 11*o - 11. What is the remainder when t(4) is divided by 1?
0
Let z = -27 + 7. Suppose -3*g = p + 72, 2*g = -3*p + 44 - 225. Let w = z - p. What is the remainder when w is divided by 13?
11
Let p(w) = -2*w**3 - w**2 + 3*w + 3. Suppose 1 = 3*u + 7. Calculate the remainder when 34 is divided by p(u).
7
Suppose 4*i + v = 4*v + 225, 3*i - 160 = 4*v. What is the remainder when i is divided by 9?
6
Let r = -5 + 7. Suppose 11 = 2*n + 4*o - 7, 10 = -5*o. What is the remainder when (-148)/(-6) - r/(-6) is divided by n?
12
Suppose -7*k + 2*k = -290. Suppose 2*u - 4*z - k = u, 2*z - 104 = -3*u. Calculate the remainder when u is divided by 13.
12
Let n(a) = -a**3 + 2*a**2 + a - 2. Let f be n(2). Let w(v) = -7*v**2 + 9*v + v**3 - 10 + f + 3. Calculate the remainder when 31 is divided by w(6).
9
Suppose 3*r = 7*r - 40. Let q = 107 + -68. Calculate the remainder when q is divided by r.
9
Let u = -1 - -50. What is the remainder when u is divided by 13?
10
Let g be 2 + 0*2/(-4). Suppose -3*x + 17 = g*n, -n + 20 = 4*x + n. Calculate the remainder when 6 is divided by x.
0
Suppose -1 = -q + 3*k, 0 = -0*k + 3*k. Suppose 0 = 4*y - 53 + q. Suppose 6*u = u + 2*p + 179, 2*p + 105 = 3*u. What is the remainder when u is divided by y?
11
Suppose 5*h = 0, 3*u + 2*h + 3 = -3. Calculate the remainder when (0 - 1)/(u/124) is divided by 16.
14
Suppose -5*f + 38 = -12. Let z = f + 1. Calculate the remainder when 20 is divided by z.
9
Suppose -37 = -4*c - 3*w + 63, 5*w = 5*c - 90. Calculate the remainder when c is divided by 5.
2
What is the remainder when 51 is divided by (0 + 0)/3 + 18?
15
Let l be (3/(-2))/((-6)/184). Let t(v) = v**2 - 6*v + 3. Let i be t(6). Suppose l = -i*z + 220. Calculate the remainder when z is divided by 20.
18
Let n(r) be the second derivative of -2*r**2 + 0 - r - 1/6*r**3 + 1/12*r**4. What is the remainder when n(-6) is divided by 13?
12
What is the remainder when 21 is divided by (-2 - -6)/(4/11)?
10
Let n = 65 + -63. What is the remainder when 7 is divided by n?
1
Let k = 73 + -40. Calculate the remainder when 97 is divided by k.
31
Suppose 0 = h - 2*r - 11, 3*h - 3*r - 18 = h. What is the remainder when 16 is divided by 1 + (h - 1) + 6?
7
Calculate the remainder when 2/13 + 2/(-13) + 75 is divided by 38.
37
Let f(s) = 14*s + 1. Suppose 4*u + 56 = 6*u. Calculate the remainder when u is divided by f(1).
13
Let l be (-3)/(2 + (-69)/30). Calculate the remainder when (l*-2)/((-2)/2) is divided by 11.
9
Suppose -2*w + 21 = 3*k, -5*k + 24 = 2*w + 5. Calculate the remainder when w is divided by 2.
0
What is the remainder when (1 + 11)/(4/10) is divided by 16?
14
Suppose u - 98 - 399 = 0. Suppose -77 = 4*y - 4*h - u, 2*h = -3*y + 340. Let j = y - 68. Calculate the remainder when j is divided by 15.
12
Suppose -4*p + 17 = 3*k, -k + 3*p = 3*k - 6. Let x(z) = -z + 8. Let s(v) = v. Let m(b) = 2*s(b) + x(b). Calculate the remainder when m(-4) is divided by k.
1
Calculate the remainder when (2 - 1)*(7 - 0) is divided by 3.
1
Let r(b) = 7*b + 5. Let s be r(4). Suppose -2*n = n - s. Suppose -x + 21 = -2*c, -3*c = c - 20. What is the remainder when x is divided by n?
9
Let s(g) = -15*g + 2. What is the remainder when s(-4) is divided by 21?
20
Suppose 5*r - 5*p - 53 = -p, -2*p = 5*r - 41. Suppose -a + 114 = -f + 29, a - 4*f - 88 = 0. Let v = a + -59. What is the remainder when v is divided by r?
7
Let c(r) be the second derivative of r**4/6 - r**3/6 + r**2/2 + 2*r. Let s be c(1). Suppose 42 = s*z - 6. Calculate the remainder when z is divided by 13.
11
Suppose -4*q - 16 = -f - 59, 4*q + 5*f = 25. What is the remainder when 14 is divided by q?
4
Let k(u) = 11*u - 5. What is the remainder when 33 is divided by k(2)?
16
Let l(u) = 7*u**3 + u**2 + u - 1. Calculate the remainder when 30 is divided by l(1).
6
Let a = -42 - -66. What is the remainder when a is divided by 10?
4
Let g(k) = 8*k. Suppose 0 = 5*a + 2 + 18. Let h be g(a). Calculate the remainder when 8/h + (-170)/(-8) is divided by 8.
5
Suppose -2*u + 0 + 8 = 0. Let n = -2 - u. Let o = n - -19. Calculate the remainder when 24 is divided by o.
11
Suppose a + 3 = 9. Calculate the remainder when 20 is divided by a.
2
Let w(g) be the third derivative of g**6/120 - g**5/20 - g**4/6 + 2*g**3/3 + 11*g**2. Calculate the remainder when 10 is divided by w(4).
2
Suppose 0 = x - 2*p + 2, -5*x - 4*p + 1